 the prime factors of 979973596?
2, 7, 149, 234893
What are the prime factors of 516173725?
5, 20646949
List the prime factors of 932702500.
2, 5, 349, 1069
List the prime factors of 50257027.
229, 219463
List the prime factors of 238432372.
2, 53, 1124681
List the prime factors of 1762091571.
3, 23, 3299, 7741
What are the prime factors of 103389236?
2, 25847309
List the prime factors of 764188938.
2, 3, 23, 615289
List the prime factors of 1858920021.
3, 7, 59, 500113
List the prime factors of 1740910759.
7, 193, 184087
What are the prime factors of 2474596414?
2, 6043, 204749
List the prime factors of 247306746.
2, 3, 107, 569, 677
List the prime factors of 802228812.
2, 3, 7, 11, 43, 61, 331
What are the prime factors of 3821759981?
13, 107, 2747491
What are the prime factors of 55841529?
3, 3853, 4831
List the prime factors of 34614149.
23, 109, 13807
List the prime factors of 961263947.
7, 173, 793777
List the prime factors of 5709660398.
2, 13, 19, 73, 158329
What are the prime factors of 460164517?
17, 27068501
List the prime factors of 132774055.
5, 23, 127, 9091
List the prime factors of 55644551.
55644551
What are the prime factors of 2663989?
73, 36493
What are the prime factors of 2719057545?
3, 5, 29, 694523
What are the prime factors of 2234057013?
3, 248228557
List the prime factors of 29570911.
29570911
List the prime factors of 509291112.
2, 3, 11, 311, 6203
What are the prime factors of 63667754?
2, 17, 1872581
What are the prime factors of 70380119?
17, 283, 14629
What are the prime factors of 3362883269?
37, 90888737
What are the prime factors of 267784390?
2, 5, 3877, 6907
What are the prime factors of 644434894?
2, 19, 43, 457, 863
List the prime factors of 357231647.
41, 101, 281, 307
List the prime factors of 133947014.
2, 66973507
What are the prime factors of 6209635998?
2, 3, 3671, 281923
List the prime factors of 630411795.
3, 5, 13, 359209
What are the prime factors of 52123802?
2, 17, 19, 80687
What are the prime factors of 36283961?
7, 113, 6553
List the prime factors of 844928525.
5, 7, 4828163
What are the prime factors of 105759040?
2, 5, 17, 19441
What are the prime factors of 130248940?
2, 5, 6512447
List the prime factors of 111009284.
2, 27752321
List the prime factors of 3782161210.
2, 5, 10711, 35311
List the prime factors of 6223552179.
3, 13, 113, 1412197
What are the prime factors of 521342031?
3, 7, 24825811
What are the prime factors of 5672746948?
2, 11, 661, 195047
What are the prime factors of 64654157?
1061, 60937
What are the prime factors of 1314411923?
11, 331, 361003
What are the prime factors of 18347344?
2, 1146709
What are the prime factors of 10102919?
1049, 9631
List the prime factors of 364998685.
5, 61, 1196717
What are the prime factors of 896125096?
2, 112015637
List the prime factors of 755028813.
3, 7, 11, 3268523
List the prime factors of 4356561639.
3, 1031, 1408523
List the prime factors of 6029804159.
67, 89997077
What are the prime factors of 2730553282?
2, 359, 3802999
What are the prime factors of 13321958?
2, 13, 307, 1669
What are the prime factors of 1338384970?
2, 5, 13, 10295269
List the prime factors of 252641888.
2, 157, 50287
What are the prime factors of 63414963?
3, 7046107
List the prime factors of 1285585096.
2, 160698137
What are the prime factors of 1327804531?
19, 313, 223273
List the prime factors of 3929649430.
2, 5, 7, 56137849
What are the prime factors of 19367202?
2, 3, 3227867
List the prime factors of 5116325447.
5116325447
List the prime factors of 2333240220.
2, 3, 5, 38887337
List the prime factors of 42130375.
5, 7, 89, 541
What are the prime factors of 14554414?
2, 7, 17, 61153
List the prime factors of 243482827.
7, 167, 208283
What are the prime factors of 6704334?
2, 3, 7, 13, 4093
What are the prime factors of 4658948?
2, 7, 227, 733
List the prime factors of 2437488530.
2, 5, 19, 787, 16301
List the prime factors of 3106296507.
3, 379, 743, 3677
List the prime factors of 961641189.
3, 29, 599, 6151
List the prime factors of 372559331.
2833, 131507
What are the prime factors of 12232698?
2, 3, 2038783
List the prime factors of 13540176.
2, 3, 13, 2411
What are the prime factors of 92957584?
2, 5809849
What are the prime factors of 629102654?
2, 19, 31, 534043
List the prime factors of 90066081.
3, 7, 349, 12289
List the prime factors of 46593366.
2, 3, 1723, 4507
What are the prime factors of 82728237?
3, 2539, 10861
What are the prime factors of 64071219?
3, 1657, 12889
What are the prime factors of 1224014?
2, 11, 23, 41, 59
What are the prime factors of 349044?
2, 3, 17, 29, 59
What are the prime factors of 1691406?
2, 3, 93967
List the prime factors of 3305901864.
2, 3, 29, 1471, 3229
List the prime factors of 35480315.
5, 13, 19, 28729
What are the prime factors of 3178203915?
3, 5, 2843, 74527
What are the prime factors of 4038762?
2, 3, 7, 13, 569
What are the prime factors of 304028106?
2, 3, 71, 713681
List the prime factors of 2472260.
2, 5, 7, 17659
What are the prime factors of 1138005213?
3, 439, 853, 1013
List the prime factors of 134173035.
3, 5, 523, 5701
List the prime factors of 1921809503.
1921809503
List the prime factors of 19911846.
2, 3, 37, 257, 349
What are the prime factors of 1799765219?
7, 47, 5470411
List the prime factors of 266217037.
19, 14011423
What are the prime factors of 88673692?
2, 383, 57881
What are the prime factors of 342574621?
342574621
List the prime factors of 70762647.
3, 71, 332219
List the prime factors of 2944648772.
2, 13, 43, 919, 1433
What are the prime factors of 74305302?
2, 3, 881, 14057
What are the prime factors of 84664587?
3, 7, 23, 59, 2971
What are the prime factors of 505001729?
505001729
What are the prime factors of 494528667?
3, 6449, 25561
List the prime factors of 54634233.
3, 101, 180311
What are the prime factors of 5693329509?
3, 7, 107, 2533747
What are the prime factors of 137701232?
2, 8606327
What are the prime factors of 447556527?
3, 11, 103, 43891
List the prime factors of 929067153.
3, 7, 17, 2602429
List the prime factors of 1638346337.
149, 10995613
What are the prime factors of 2697690611?
7, 11, 17, 2060879
List the prime factors of 6232307465.
5, 1246461493
List the prime factors of 26872445.
5, 5374489
What are the prime factors of 797515461?
3, 257, 344797
What are the prime factors of 419607707?
167, 331, 7591
What are the prime factors of 49512211?
7, 17, 137, 3037
What are the prime factors of 1013532268?
2, 7, 37, 139759
List the prime factors of 968873628.
2, 3, 31, 2604499
List the prime factors of 1157129314.
2, 11, 52596787
What are the prime factors of 38842909?
7, 17, 61, 5351
List the prime factors of 649057492.
2, 162264373
List the prime factors of 1680822625.
5, 83, 162007
What are the prime factors of 110712180?
2, 3, 5, 79, 23357
What are the prime factors of 124547498?
2, 62273749
List the prime factors of 55201212.
2, 3, 11, 139397
What are the prime factors of 76355245?
5, 17, 53, 997
What are the prime factors of 1002574149?
3, 12517, 26699
List the prime factors of 352620485.
5, 7, 151, 66721
What are the prime factors of 96175514?
2, 577, 83341
List the prime factors of 130536369.
3, 14504041
What are the prime factors of 1421058753?
3, 127, 1243271
What are the prime factors of 48709632?
2, 3, 991
List the prime factors of 122320651.
19, 6437929
What are the prime factors of 3254084547?
3, 7, 37, 4188011
What are the prime factors of 13681795?
5, 2736359
What are the prime factors of 244978108?
2, 61244527
What are the prime factors of 687045746?
2, 31, 11081383
What are the prime factors of 50526820?
2, 5, 79, 113, 283
What are the prime factors of 108033663?
3, 53, 251, 2707
What are the prime factors of 3236437440?
2, 3, 5, 457, 2459
What are the prime factors of 2581008997?
7, 4129, 12757
What are the prime factors of 758202485?
5, 67, 433, 5227
What are the prime factors of 2137224129?
3, 3851, 184993
List the prime factors of 717931310.
2, 5, 71793131
What are the prime factors of 3211102868?
2, 17, 37, 103, 12391
List the prime factors of 65370705.
3, 5, 191, 22817
List the prime factors of 4127698310.
2, 5, 8513, 48487
List the prime factors of 408988753.
408988753
What are the prime factors of 16879901?
16879901
What ar